is (66 - 2) + -867 + 862?
59
Calculate -98 + 38 + 40 - (0 + -81).
61
936 + -993 + (108 - 0)
51
Calculate (56 - (0 - ((-4 - -10) + 4 - 2))) + 5.
69
What is the value of ((6 - 5 - -1) + -22 - -5) + -103 + 99?
-19
What is -14 + -97 + (-5 - -2 - 11)?
-125
What is 915 + -945 + (158 - -1)?
129
Calculate -110 - (34 - 13 - (36 + 0)).
-95
Evaluate (-13 - (1 + (-2 - -4))) + (10 - 2).
-8
Calculate (-55 - -43) + (4 - 36).
-44
What is the value of 46 + -41 - 3 - ((4 - 1) + -48 + 1)?
46
201 + -104 - (44 + -4)
57
Calculate (-138 - -145) + (87 - (-1 + -3 - (-2 + -2))).
94
Evaluate (0 - 1 - -8) + -28 + -116 + 244 + -87.
20
121 + -161 + 58 - (2 + -1 - -136)
-119
-34 - (-41 - (88 - 43))
52
Evaluate 0 - -10 - (38 + (7 + -17 - -6)).
-24
What is the value of (-62 - (-99 - -88)) + 15?
-36
Evaluate -4 + 86 + -33 - 46.
3
Evaluate -8 - (110 + (-99 - -49)).
-68
Evaluate (-23 - (0 - 13)) + -6 - (-46 - -8).
22
Evaluate -67 + 51 + -25 - -24.
-17
What is -2 + (56 - 2 - 1) + (4 + -35 - -30)?
50
What is the value of (0 - (28 + 18 + -33)) + (40 - (0 + 0))?
27
Calculate -3 + -1 + 10 - (789 + -760).
-23
3 + 23 + 3 - ((-2 + -7 - -4) + 3)
31
What is 7812 + -7800 + (1 - 2) + -14?
-3
84 + (-14 - (-35 - (-43 + -3)))
59
Evaluate 7 + -15 + (7 - 23) - (13 + -13 + 7).
-31
(17 - (-21 + 3 + 49)) + (-3 - -49)
32
What is -96 + 21 + 41 - -26?
-8
What is the value of 20 + (19 - 4) - (-27 - 44)?
106
What is -22 + 31 + 69 + (-14 - 1)?
63
What is the value of 38 - (-12 + (-4 - -36) + -31)?
49
What is the value of 39 + (58 + -113 - 1)?
-17
What is -53 - (-36 + -7 + (3 + 9 - -20))?
-42
39 + -13 + (-8 - -12) + (-4 + 3 - 7)
22
What is the value of -17 - 2 - (-55 + -3 - -76)?
-37
-8 + (23 - (13 - -9 - -4))
-11
What is 1 + 12 - (18 + -7 + -28 - 18)?
48
(-10 - (-6 + 7)) + (34 - 7)
16
15 + (-21 - ((-208 - -233) + (12 - 2)))
-41
Calculate 756 + -698 + -16 + 1 + (-1 - 0).
42
What is the value of -8 + 33 + -8 + -18 + 8?
7
Evaluate (0 - 2 - (-10 + 2)) + (26 - (60 - 12)).
-16
What is 52 + 0 + (-1 - 0) + -1 - (-2837 - -2845)?
42
What is the value of 26 + (-2 - (-1 + 18) - (31 - 42))?
18
Calculate 18 + (-1 - -14) + (-261 - -268).
38
Evaluate (-78 - 43) + (-34 - -118).
-37
What is 2 + -12 - (3 - 39 - -37)?
-11
Evaluate -12 + 25 + (-16 - (-8 + 1) - -54).
58
What is the value of 76 + (-3 + 38 - 35) - 7?
69
What is the value of 181 + -224 + (-67 - -185)?
75
What is the value of 2 + 4 + -12 - (19 + -43 - 0)?
18
5 + -4 + -2 - -2 - (36 - 80)
45
What is the value of (-23 - (-162 + 94)) + -9?
36
Evaluate -138 + 83 + 7 + 5.
-43
Evaluate 5 - (93 + -77 - 39).
28
What is 11 + -14 + -15 + 105 + 13?
100
What is the value of (85 - (13 + -6 + 3 + -9)) + 3 + 10?
97
(-41 + 79 - (-19 + 72)) + -75
-90
Calculate 17 + (-9 - (2 + -37 - -4)).
39
-2 + 1 + 7 + 35
41
Calculate (-2 - -8) + 58 + -65 + -29.
-30
What is (-77 - (-161 - 4)) + -91?
-3
What is 92 - (31 + -13 - -3) - 6?
65
Calculate 75 - ((-94 - (21 + -68)) + 43).
79
Evaluate -758 + 777 - (34 - 3).
-12
Calculate (-1714 - -1788) + (25 - -1).
100
Calculate (30 - -3) + 2 - (35 + (15 - 24) - 20).
29
What is the value of -19 + -2 + (84 + -14 - 81)?
-32
-661 + 686 - (21 - -1 - 1)
4
Evaluate -2 + -2 + 54 - (-5751 + 5773).
28
What is the value of -257 - -271 - (4 + -29 + -5)?
44
Evaluate -25 + (-5 - (14 - 29)) + -77 + -2 + -10.
-104
What is (3 - (-21 - (-3 - 7))) + (-2 - 5)?
7
Calculate -1 + (-2 - (9 + -6 + 1)) + 14 - 5.
2
2 - (65 + -74 - -30)
-19
Evaluate 16 + (-8 - 4) + -14 - 4.
-14
-63 + 40 + 22 - (-1 + (0 - 34))
34
Evaluate 420 + -351 - ((-6 - -1 - -4) + 5).
65
-1 - -86 - (-2558 + 2653)
-10
What is 6 + -17 + 10 + 6 + (-1 - -6) + 5?
15
What is 9 + -1 - (-25 - -75)?
-42
What is the value of -52 - (-1 + -44 + -108)?
101
Calculate 81 - (15 + 28) - (4 + (8 - -3)).
23
What is 3 + 2 + -6 + (-8 - (-46 + 35))?
2
(9 - 39) + -193 + 163
-60
What is the value of (1 - -1) + 51 + (20 + -7 - 1)?
65
What is 83 + -230 + 73 + 164?
90
7 - ((14 - 0 - 6) + 18 + -5 + -3)
-11
-47 + (21 - (24 - (32 + -13)))
-31
What is -773 - -812 - (9 + -1)?
31
What is the value of (4 - (-4 - (-10 + 18 - 19))) + -16?
-19
Evaluate 55 + -2 - 3 - (-1 - (6 + 16 + -12)).
61
Calculate -8 + -92 + -14 + 114.
0
Calculate 1 - -32 - (34 + -40 + 30 - 12).
21
What is (-1 - -1) + (-79 + 49 - (0 + -4))?
-26
9 + -22 + 13 - (12 + -24) - 65 - 8
-61
(7 - -1) + -115 + -5 - (101 - 126)
-87
Evaluate -18 + 28 + 50 - 47.
13
What is -70 + 11 - (6 + 3 + (-13 - -17) - 2)?
-70
-14 + (12 - (54 - 23)) + 8
-25
-40 + (-56 - -82) + (0 - 9 - -3)
-20
Calculate 3 - 9 - 3 - (-255 - -202).
44
Calculate 1 + 2 + (13 - -50 - (-17 - -12)) + -10.
61
-462 + 372 - (-10 + -47)
-33
What is the value of 9 - 24 - (-7 + -39 + 9)?
22
46 + -39 - (9 + -12 + -11)
21
Evaluate 6 + 10 - 8 - (-47 - -92).
-37
What is (-41 - (34 - 32) - -184) + -17?
124
Calculate (-12 - (8 + -3)) + (-5 + 1 - (-92 - -78)).
-7
What is the value of 52 - ((-20 - -37 - 29) + 24)?
40
What is the value of 14 + -6 + 31 + (-9 - -3)?
33
Calculate 107 + -71 - -6 - (16 + -2).
28
Evaluate (-2 - -24) + (-15 - (-32 - -37)) + 19.
21
Calculate 143 + -154 + 79 - 122.
-54
What is the value of 5 + (-2 + (-47 - -3) - (47 - 53))?
-35
What is the value of ((-8 - 1) + (-6 - -16) - -6) + -14 - 14?
-21
4 + 2 + 5 + (-62 - (-5 - 1 - -1))
-46
What is the value of (150 - -8) + -180 + 82?
60
Evaluate -18 - -78 - (134 + 30).
-104
(-16 - 2) + (-28 - (8 + -34 - -7))
-27
Evaluate -1 + -8 - (4 - (14 - (13 - (9 - 8)))).
-11
Calculate -289 + 185 + 43 + 56.
-5
Evaluate -6 + (8 - (17 - 14)) + 1 + -63.
-63
Evaluate 19 + (-15 - (2 - (-23 + 5))).
-16
Calculate 0 + -5 + (-8 - (5 - 22)) + -15.
-11
Evaluate 67 - 45 - (-10 - (-10 - 5)).
17
What is 11 + (-1 + -2 - (2 + 3 - 1))?
4
What is -13 - (75 - (11 - -12)) - 4?
-69
What is the value of 3 - (-34 + -2 + 13 + -63 + 63)?
26
-6 - (-1 + 38 + 864 + -811)
-96
What is (52 - 49 - (27 - 14)) + -2 + 5 + -1?
-8
Evaluate (-44 + 56 - (1 + -6)) + 2 - 66.
-47
What is -4 - 9 - (13 - (-72 - (-3 - 8) - 11))?
-98
Evaluate 3 - (7 + -4 + (14 - 25) - 11).
22
What is the value of -1 - ((-43 - (-38 - -32)) + 14)?
22
What is (-9 - -39 - 29) + (18 - 18) + (-26 - 1)?
-26
Calculate -70 - (-4 - (4 + 7 + 8)).
-47
-41 - (-24 - (22 + -27))
-22
What is the value of 17 + 4 + 2 + 7 + -1 + -8 + -2?
19
What is 67 + -148 + 71 + 24 + 1 + -12?
3
What is the value of 23 + ((11 - -10) + -36 - -18)?
26
What is the value of -78 - (-12 + (15 + -10 - 14) + 18 + -1)?
-74
0 + 51 - (56 - (9 + 35))
39
Calculate 56 - (-3 + -8 - (0 + (-18 - -12)) - -7).
54
Evaluate (409 - 436 - (3 + -2)) + -54.
-82
Evaluate -15 - -27 - -42 - 41.
13
Calculate 0 - 147 - (9360 + -9409).
-98
Evaluate 7 - (2 + 3 + -5 + 3 + -4 - 29).
37
Calculate -3 - -9 - (13 - 25 - -33).
-15
Calculate (-20 - -37) + -22 + 45 + -8.
32
Calculate (128 - (86 + 30)) + (-1 - 0 - 44).
-33
What is the value of -2 + 24 + (44 - (-31 - -62))?
35
-3 + -31 + 0 + (-1 + (10 - 30) - -22)
-33
-32 + 1 - (-754 + 738)
-15
Evaluate -21 - 36 - (-75 + 5).
13
Calculate (73 - ((-10 - -7) + 5)) + 4 + -3.
72
Calculate -13 - (-2 - (-2 - 0)) - (7632 + -7625).
-20
What is -96 + -34 + 88 - 4?
-46
Evaluate 23949 + -23859 - (130 + 1).
-41
What is the value of -201 - -210 - (-13 - (-4 + 3)) - 9?
12
17 - (-39 + (-10 - 18 - -161))
-77
18 - (-6 - (1 + -1 + -143 + 145))
26
What is the value of -115 + 132 + (0 + -14 - 76)?
-73
What is 20 + 5 + (-15 - -3 - -22)?
35
Evaluate (156 - 111) + (6 - 5) + -3 + -2.
41
-25 - (360 + -376 - (-9 + 1))
-17
What is the value of 11 + 0 + (-61 + (-23 - 2) - (-2 - 9))?
-64
What is the value of 63 + 9 + -13 + 29 + -22 + (5 - 16)?
55
Calculate 7 - 37 - (-46 - -14) - -8.
10
What is -193 + 164 - (3 + 4 - -11)?
-47
Calculate -20 + 19 + (67 - 18) - 3.
45
Evaluate -42 + (4 - 42) + 26.
-54
What is 50 + -11 + 29 + -53 + 10?
25
Calculate (-1 - 4 - -3) + 0 + 23 - -7.
28
(2 - 47) + (12618 - 12693)
-120
(-36 + 29 - (-2 + -2)) + (-6 - -27)
18
What is the value of 3 + 3 + -50 + 40 - (-10 - -21)?
-15
What is the value of (-2 - -1 - 2) + 7 + 3730 + -3665?
69
What is the value of (2 - -5) + -13 + (10 - 10) - (-1 - -37)?
-42
-1037 + 1028 + -1 + 2 + -2 + -2 + 36
24
Evaluate 3 + (1 - (-17 - (-8 - 2)) - 48) + 4.
-33
What is -53 - 0 - -31 - -34?
12
Evaluate -2 + 134 + (-121 - 122) + 253.
142
What is 0 + (-1 + (11 - 22) + (-2 - -9) - 59)?
-64
(-5 - 8 - (-82 + 21)) + -3 + 13 + -3
55
Evaluate -25 + (-24 - (-91 